).
-15
Let v(k) = k**3 + 11*k**2 - 130*k + 13. Give v(6).
-155
Let u(t) = -483*t - 6922. Give u(-10).
-2092
Let p(g) = -2976*g - 25834. What is p(-9)?
950
Let w(x) = 4*x**3 - 48*x**2 - 47*x + 994. Calculate w(11).
-7
Let t(h) = -4459*h + 294269. Give t(66).
-25
Let m(i) = 1426*i - 216680. Give m(152).
72
Let a(s) = -11281*s + 101007. Determine a(9).
-522
Let c(p) = 1916*p + 5653. What is c(-3)?
-95
Let s(h) = 1807*h + 41588. Calculate s(-23).
27
Let k(p) = 64*p**3 - p**2 + 11*p - 9. Calculate k(1).
65
Let p(a) = 79*a + 6785. Determine p(-57).
2282
Let b(d) = 34470*d - 5653077. Calculate b(164).
3
Let o(s) = -5760*s + 317119. What is o(55)?
319
Let u(k) = -k**3 - 45*k**2 - 537*k - 2109. What is u(-29)?
8
Let k(s) = 20237*s - 121626. Give k(6).
-204
Let u(t) = -399*t**2 - 18731*t + 922. What is u(-47)?
-112
Let r(s) = 11*s**2 - 119*s + 482. What is r(-12)?
3494
Let m(s) = -2*s**3 - 283*s**2 + 435*s + 975. Determine m(-143).
117
Let p(y) = -233875*y + 3040405. Calculate p(13).
30
Let m(u) = -2*u**3 - 433*u**2 - 1945*u - 7903. Calculate m(-212).
-59
Let d(j) = 14*j**3 - 2550*j**2 + 367*j + 1350. Give d(182).
1896
Let i(c) = -344892*c - 1724471. Give i(-5).
-11
Let o(f) = -391*f**3 + 1556*f**2 + 14*f + 61. Give o(4).
-11
Let u(i) = -4*i**3 + 23*i**2 - 5865*i + 35257. What is u(6)?
31
Let w(n) = 2*n**3 - 34*n**2 + 66*n + 164. Calculate w(15).
254
Let j(t) = 5*t**2 + 1682*t - 30036. What is j(17)?
3
Let m(b) = -1014*b**2 + 176435*b + 160. Give m(174).
-14
Let r(s) = 12*s**2 - 707*s - 4292. What is r(-6)?
382
Let m(i) = 4682*i - 28099. What is m(6)?
-7
Let l(s) = 5298*s - 1181456. Give l(223).
-2
Let x(c) = c**3 - 24*c**2 + 132*c - 1853. Give x(20).
-813
Let h(z) = z**3 + 509*z**2 - 2031*z + 10798. What is h(-513)?
25
Let y(b) = -43*b + 4467. Calculate y(73).
1328
Let v(z) = z**3 + 193*z**2 - 10162*z - 3696. Calculate v(-236).
-392
Let w(v) = 4*v**3 - 375*v**2 + 454*v + 17470. Determine w(92).
-10
Let x(u) = 24*u**2 + 1858*u - 16659. Calculate x(9).
2007
Let s(w) = -4191*w + 129982. What is s(31)?
61
Let t(l) = 496*l + 93194. Determine t(-188).
-54
Let p(s) = 47*s + 21255. Calculate p(-421).
1468
Let i(z) = 4*z**3 + 1426*z**2 - 777*z - 22488. Determine i(-357).
3
Let r(m) = 6*m**3 - 323*m**2 - 72*m + 258. Calculate r(54).
-714
Let l(w) = 2516*w - 15190. Give l(6).
-94
Let u(n) = n**3 - 8*n**2 - 597*n + 3657. What is u(6)?
3
Let y(z) = -228451*z - 9366485. Give y(-41).
6
Let c(r) = 3*r**3 - 151*r - 979. What is c(0)?
-979
Let o(a) = a**3 - 86*a**2 - 348*a - 1682. Determine o(90).
-602
Let g(m) = 163705*m - 1145895. Give g(7).
40
Let d(s) = 21*s**2 - 19*s + 3653. Determine d(0).
3653
Let n(c) = 10*c**2 + 634*c - 22220. Determine n(25).
-120
Let h(o) = 9545*o + 162268. What is h(-17)?
3
Let d(g) = -4*g**2 - 302*g + 30532. Give d(-133).
-58
Let x(n) = 212*n + 73167. Calculate x(-345).
27
Let x(l) = 20*l**3 + 1558*l**2 - 135*l + 1673. What is x(-78)?
35
Let m(x) = -20661*x + 1818113. What is m(88)?
-55
Let s(a) = -708*a**2 + 640034*a - 1788. Determine s(904).
20
Let d(l) = -l**3 + 22*l**2 - 22*l + 145. What is d(17)?
1216
Let t(b) = -3*b**3 + 32*b**2 + 49*b - 822. Give t(10).
-132
Let i(a) = -a**3 - 18*a**2 + 8*a - 2472. Determine i(-23).
-11
Let d(w) = -2*w**3 + 239*w**2 + 2464*w - 1676. What is d(129)?
1
Let l(g) = -11*g**2 + 325*g + 22. Calculate l(29).
196
Let q(b) = -9*b**3 + 1585*b**2 - 182*b + 917. What is q(176)?
-139
Let i(s) = 24242*s - 3248449. Give i(134).
-21
Let x(f) = -431*f + 8244. Give x(18).
486
Let f(l) = l**3 + 63*l**2 + 175*l - 89. Determine f(-60).
211
Let f(p) = 29*p**3 + 1917*p**2 + 184*p - 1011. Give f(-66).
-87
Let u(k) = -19521*k - 429474. Determine u(-22).
-12
Let a(f) = 72309*f + 144368. Give a(-2).
-250
Let y(w) = -1564*w - 75266. Give y(-48).
-194
Let h(b) = b**2 - 464*b + 4400. What is h(10)?
-140
Let r(k) = -39*k - 375. Calculate r(16).
-999
Let h(a) = -1489*a - 64041. What is h(-43)?
-14
Let p(v) = v**3 + 126*v**2 + 934*v - 1174. Determine p(-118).
6
Let b(o) = -2*o**2 - 2858*o - 304394. What is b(-116)?
222
Let t(v) = -v**3 + 11*v**2 + 794*v - 31. What is t(34)?
377
Let h(n) = 26*n + 6703. Give h(-239).
489
Let i(g) = 4131*g**2 + 2705804*g - 651. Determine i(-655).
4
Let w(m) = 109*m**3 - 9*m**2 + 8*m + 77. Give w(-3).
-2971
Let l(w) = 7*w**3 + 470*w**2 + 86*w + 1891. What is l(-67)?
618
Let y(r) = 278*r - 20254. Determine y(73).
40
Let h(d) = -3192*d**2 - 1815*d - 1813. Determine h(-1).
-3190
Let l(m) = 1789408*m - 5368200. Determine l(3).
24
Let o(d) = -5019*d - 3362742. Give o(-670).
-12
Let h(b) = 568*b + 1969. What is h(-3)?
265
Let i(z) = -23*z**2 - 7865*z + 1484. What is i(-342)?
1142
Let r(y) = 718*y - 31339. Give r(43).
-465
Let f(m) = 2*m**2 - 90*m - 5095. What is f(-33)?
53
Let r(j) = 2043*j + 929266. Calculate r(-455).
-299
Let y(m) = -7*m**2 - 151*m + 471. Give y(3).
-45
Let o(q) = 4309*q + 38796. Give o(-9).
15
Let u(w) = 1605*w - 139663. Calculate u(87).
-28
Let a(y) = -164*y**2 + 9032*y - 378. Determine a(55).
282
Let d(t) = -4*t**3 - 14*t**2 + 61*t - 103. Give d(5).
-648
Let l(w) = -3937*w + 350402. Give l(89).
9
Let b(y) = y**3 + 16*y**2 - 599*y - 10103. Determine b(-18).
31
Let c(m) = -m**3 - 1008*m**2 - 5161*m - 146423. Determine c(-1003).
15
Let w(d) = -2*d**3 - 372*d**2 + 2712*d + 1929. Determine w(-193).
-1
Let h(f) = -2*f**3 + 133*f**2 + 77*f - 1195. Determine h(67).
-525
Let q(a) = 158*a - 2413. Determine q(15).
-43
Let o(q) = -14426*q - 620293. Calculate o(-43).
25
Let x(c) = -55171*c - 47888432. Determine x(-868).
-4
Let y(t) = -t**3 - 30*t**2 + 91*t + 218. What is y(4)?
38
Let d(s) = 297*s - 503. Calculate d(0).
-503
Let i(t) = 2*t**3 - 203*t**2 - 129*t + 1419. Give i(102).
-1335
Let b(a) = 105888*a + 529445. Calculate b(-5).
5
Let t(q) = q**3 + 2*q**2 - 4486*q + 26662. What is t(6)?
34
Let z(n) = -21807*n - 305276. Give z(-14).
22
Let x(q) = -q**3 + 72*q**2 + 227*q + 497. Give x(75).
647
Let m(n) = 12*n**2 - 410*n + 3364. Determine m(15).
-86
Let d(s) = -2604*s - 447868. What is d(-172)?
20
Let c(f) = -14*f**2 + 2870*f - 2915. Calculate c(204).
-59
Let z(d) = 9*d**2 + 347*d + 2992. Give z(-9).
598
Let s(f) = -512*f**2 - 5799*f - 1813. Calculate s(-11).
24
Let u(c) = -87*c**2 - 448*c - 65. Give u(-3).
496
Let u(s) = -3*s**2 - 290*s - 8510. What is u(-30)?
-2510
Let b(x) = 58*x**3 - 528*x**2 + 57*x - 23. Determine b(9).
4
Let u(g) = g**2 - 162*g + 6520. Calculate u(84).
-32
Let w(a) = 39*a**2 + 1833*a + 8. Calculate w(-47).
8
Let q(s) = 1558*s + 18664. Give q(-12).
-32
Let l(x) = 91363*x - 91358. Determine l(1).
5
Let v(c) = -12*c**2 + 3347*c + 75611. What is v(-21)?
32
Let a(t) = t**2 - 80*t + 561. What is a(75)?
186
Let k(p) = p**2 - 15083*p + 75373. Determine k(5).
-17
Let n(i) = -2*i**3 - 78*i**2 + 463*i + 17948. Determine n(-39).
-109
Let p(d) = 3*d**3 + 152*d**2 + 576*d + 31485. What is p(-51)?
-492
Let g(m) = -5235*m - 434498. Determine g(-83).
7
Let j(z) = -4112*z - 1607795. Give j(-391).
-3
Let b(p) = p**2 - 100*p - 3375. Determine b(-27).
54
Let h(r) = -432*r - 117954. Determine h(-272).
-450
Let b(d) = -d**3 + 7*d**2 + 1499*d + 9813. Give b(-7).
6
Let c(d) = 52*d**2 - 41643*d - 41641. Determine c(-1).
54
Let w(t) = -1879*t - 1257062. What is w(-669)?
-11
Let p(a) = -2*a**3 + 652*a**2 - 13943*a + 44. Determine p(23).
-71
Let i(c) = 19339*c + 657387. Give i(-34).
-139
Let j(f) = -f**3 + 89*f**2 - 1729*f + 3221. What is j(25)?
-4
Let y(o) = -31*o**2 + 159*o - 95. Give y(1).
33
Let w(n) = 22993*n + 1402559. Give w(-61).
-14
Let b(f) = -f**3 + 75*f**2 - 1395*f - 35. Give b(40).
165
Let f(p) = -387*p**2 - 1440*p - 854. Calculate f(-3).
-17
Let y(n) = -n**3 + 24*n**2 + 2587*n - 69193. Give y(28).
107
Let w(a) = 1330*a - 70711. What is w(53)?
-221
Let d(i) = i**3 + 51*i**2 - 296*i - 12689. Calculate d(-52).
-1
Let u(z) = -3633*z - 17345. Calculate u(-5).
820
Let d(g) = -4*g**3 - 254*g**2 + 2179*g + 25. Give d(8).
-847
Let x(m) = 19420*m - 2213876. Determine x(114).
4
Let y(l) = 4*l**3 - 144*l**2 + 87*l + 1830. What is y(35)?
-25
Let j(i) = 4*i**3 - 353*i**2 - 288*i + 1745. Determine j(89).
-124
Let p(y) = y**2 + 263*y + 10771. Give p(-75).
-3329
Let b(l) = l**3 + 40*l**2 - 288*l - 11477. Calculate b(-40).
43
Let i(o) = 2*o**3 - 28*o**2 - 343*o + 4093. What is i(17)?
-4
Let v(h) = -70*h**